be j(16). Suppose 101 - b = 4*d. List the prime factors of d.
11
Let k be (-16)/(-7) + ((-26)/(-7) - 4). Suppose 2*r + 154 = k*a - 0*a, 0 = a - 2*r - 82. What are the prime factors of a?
2, 3
Suppose 4*x - r - 10 = 17, -2*x = -r - 15. Let w(k) = 0 - 2 - 2*k + 7*k. List the prime factors of w(x).
2, 7
Let s(a) = 2*a**2 - 15*a - 4. Let l be s(8). Suppose l*t = 23 + 57. List the prime factors of t.
2, 5
Let t(g) = -g**3 - 8*g**2 + 9*g - 3. Let i be t(-9). Suppose 5*l + 7 = -3*a, -a + 2*a = -3*l - 1. List the prime factors of i/(-9)*(l - -53).
2, 3
Suppose 0 = -2*j - 2*t + 4, 4*j + 8 = -j + t. Suppose -46 = l - 3*l. Let n = l - j. What are the prime factors of n?
2, 3
Let i = 766 + -321. Suppose -2*o = -5*s - i, 3*o - 879 = -o - s. List the prime factors of o.
2, 5, 11
Let q(k) = -13 + 2*k**2 + 13*k + 2*k**2 + 3 - 3*k**2. What are the prime factors of q(10)?
2, 5, 11
Let g(r) = -2*r + 12. Let u = 23 + -9. Let k be g(u). Let p(a) = -5*a - 23. What are the prime factors of p(k)?
3, 19
Let o = -376 + 384. List the prime factors of o.
2
Let s(b) = -5*b + 13*b + 5 - 4. Let o(c) = c - 1. Let p(a) = -5*o(a) + s(a). What are the prime factors of p(7)?
3
Suppose -5*i - 2*h = -4 - 21, 0 = 3*i - 5*h + 16. Suppose 494 = i*n + s, -4*s - 672 = -4*n - 2*s. What are the prime factors of n?
2, 83
Let f(y) = y**3 + 9. Let i be f(0). Suppose 8*z = 3*z. Suppose z = i*v - 7*v - 34. What are the prime factors of v?
17
What are the prime factors of (-1)/(3/(-39))*(-14 - -17)?
3, 13
Let x = -2 - 1. What are the prime factors of (57/(-9))/(x/9)?
19
Suppose 0*x - 30 = x. What are the prime factors of 42/4*x/(-5)?
3, 7
List the prime factors of (-12 + 10 - -2) + 281.
281
List the prime factors of (1852/(-40))/((-12)/(-30))*-20.
5, 463
Let q(b) = -3048*b**3 - 4*b**2 - 7*b. What are the prime factors of q(-1)?
3, 113
Let d = -153 + 386. What are the prime factors of d?
233
Suppose -4*c - 132 = -152. Suppose 3*j - 92 = -4*k + 111, -185 = -3*j + c*k. What are the prime factors of j?
5, 13
Let q(b) = 105*b - 35. List the prime factors of q(4).
5, 7, 11
Let s(b) = -24*b**2 - 4*b - 2. Let c be s(-2). What are the prime factors of (c/(-8))/((-30)/(-160))?
2, 3, 5
Let o(h) = -h**3 + 5*h**2 + 5*h - 6. Let u be o(6). Let w = -3 - u. Let m = -6 + w. List the prime factors of m.
3
Suppose w - 4 = -2. Suppose -w*i = -5*i. Suppose -6*p = -2*p - 2*u - 36, -p + 3*u - 1 = i. What are the prime factors of p?
11
Let f(d) = -5 - 26 - 3 - 7*d. What are the prime factors of f(-12)?
2, 5
Let r be (-2)/6 - (-232)/12. Let p = 54 - r. What are the prime factors of p?
5, 7
Suppose 4*h + 0 = -12. What are the prime factors of (-45 + h)/(-3) + 4?
2, 5
Let g(p) = 87*p**2 - 49. What are the prime factors of g(-7)?
2, 7, 43
Let r(v) = -v**2 + 52*v - 428. What are the prime factors of r(31)?
223
Let a = -14 - -44. Suppose -7*t = -193 + 18. Suppose -4*f + a = 5*n - 0*n, 5*n + 3*f - t = 0. List the prime factors of n.
2
Suppose 243 = 4*n - 165. Suppose -3*p - 3*w + n = 336, 2*w - 229 = 3*p. Let j = -50 - p. List the prime factors of j.
3
Let w(l) = -l**2 + 24*l + 26. Let r be w(25). What are the prime factors of ((r + 0)*-6)/((-2)/18)?
2, 3
Let m(r) = 10*r + 125. What are the prime factors of m(8)?
5, 41
Let g(r) = -r**3 + 13*r**2 - 13*r + 10. Let j be g(12). Let y(a) = -2*a. List the prime factors of y(j).
2
Let p be (((-66)/8)/11)/(2/(-400)). Let m = -66 + p. List the prime factors of m.
2, 3, 7
Let l(q) = q**3 + 27*q**2 + 35*q + 6. What are the prime factors of l(-24)?
2, 3, 149
Let d be (-1)/(4/(4 + 36)). Let k(x) = 5*x**2 - 31*x - 57. Let f(q) = 2*q**2 - 10*q - 19. Let a(j) = -8*f(j) + 3*k(j). List the prime factors of a(d).
11
Let p = 767 + -473. Suppose 111*i = 110*i + p. List the prime factors of i.
2, 3, 7
Let a = -387 + 862. What are the prime factors of a?
5, 19
Let s = -784 - -1100. What are the prime factors of s?
2, 79
Let l = -93 + 113. Suppose 155 = -l*w + 3095. List the prime factors of w.
3, 7
Let i(c) = -c**3 - 6*c**2 + 7*c + 2. Let y be (2/6)/((-1)/21). Let p be i(y). Suppose 2*q - p = 6. List the prime factors of q.
2
Suppose 5*x = -4*k - 115, -23 = 3*k - 5*x + 37. Let w be -108 + -6*2/(-4). List the prime factors of (-1)/5 + w/k.
2
Suppose 0 = 5*k - 229 - 3876. What are the prime factors of k?
821
Let p = 1404 + -639. What are the prime factors of p?
3, 5, 17
Let q be (204/72 + 2/(-4))*3. Suppose q*k = k + 906. What are the prime factors of k?
151
Let s = -815 + 2052. List the prime factors of s.
1237
Suppose 77*d - 1457 = 76*d. List the prime factors of d.
31, 47
Let q(b) = 5*b**2 + 30*b + 216. What are the prime factors of q(-12)?
2, 3
Let k(b) = -b + 1. Let z be k(-1). Let y be -10*((-12)/8 + 1). Suppose d = -y*s - z*d + 100, 3*s - 66 = -3*d. What are the prime factors of s?
17
Let z(x) = -x**3 + 7*x**2 - 4*x - 2. Suppose 0*v + 3*v - 14 = a, 0 = -5*v + 3*a + 22. Let d be z(v). Suppose 0 = m - 2*m + d. What are the prime factors of m?
2, 7
List the prime factors of (-251749)/(-145) + (-8)/(-10).
3, 193
Suppose d - 30 = -26. Suppose d*b + b = 440. What are the prime factors of b?
2, 11
What are the prime factors of 1/6 + -4 + (-3869)/(-6)?
641
Suppose -4*n + 8 + 16 = 0. List the prime factors of 148/n*33/22.
37
Let i = -1043 + 2050. List the prime factors of i.
19, 53
Let z(g) = -111*g - 1. Let k be z(-1). Let c = 704 - 776. Let d = k + c. What are the prime factors of d?
2, 19
Let z be -20*1/(-2)*2. Let o = z + -30. Let g(y) = -5*y - 11. What are the prime factors of g(o)?
3, 13
List the prime factors of (-140)/20 - 2416/(-1).
3, 11, 73
Suppose z - 6 = -2*z. Suppose -3*i = 3*b - 105, -25 = 3*b + z*b. Suppose 5*m + 0*m = i. What are the prime factors of m?
2
Suppose -1140 = 5*r - 5270. What are the prime factors of r?
2, 7, 59
Let a(f) = -3*f**2 + 8*f - 1. Let r(z) = -3*z**2 + 9*z - 1. Let n(v) = -6*a(v) + 5*r(v). Let d = -44 - -40. What are the prime factors of n(d)?
61
Let t be (2/(-4))/(6/12). List the prime factors of (-1)/((t/185)/(8/20)).
2, 37
Let k be 31/11 + (-6)/(-33). Suppose -2*p = -5*m + 145, -m + 38 = k*p + 9. Let d = -13 + m. What are the prime factors of d?
2
Suppose -2*i = -2*f + 40, -3*i = -2*f - 0*i + 42. Suppose -11 = -3*p + 4*k, -p - f = -4*p - 3*k. What are the prime factors of p?
5
Let n = 30 - 15. Let p be 13/n + (-2)/(-15). Let q = p + 41. What are the prime factors of q?
2, 3, 7
Suppose 0 = -4*i - 12, 164 = 3*a + 3*i + 62. Let n = -5 + a. What are the prime factors of n?
2
Suppose -2*m + 6 = 0, -3*c + 138 = 2*c - 4*m. Let s = c - 25. What are the prime factors of s?
5
Let r be 1/(((-30)/905)/6). Let n = r + 415. List the prime factors of n.
2, 3, 13
Suppose 5*w = -4*l + 695 + 379, -276 = -l - 5*w. What are the prime factors of (-6)/(-12) + l/4?
67
List the prime factors of (-223614)/(-42) + 2/(-14).
2, 11
Let q be 8/1 - (-30)/(-10). Suppose -3*t = -n + 4*n - 99, q*n = 3*t - 139. List the prime factors of t.
2, 19
List the prime factors of 158 - ((-1)/(-3) - 39/9).
2, 3
Let u be 2*(-7)/(56/12). List the prime factors of 31/u*(-11 + 8).
31
Suppose -20 = -4*s, 4*s + 86 = 2*u - 64. Let g = u - 32. List the prime factors of g.
53
Let l(k) be the second derivative of k**4/24 + k**3/2 - 2*k**2 + 3*k. Let f(r) be the first derivative of l(r). What are the prime factors of f(5)?
2
List the prime factors of (9252/(-54))/(0 + 2/(-3)).
257
Suppose -10*j + 13*j = m - 815, -2*j = -10. What are the prime factors of m?
2, 5, 83
Let h(g) = 44*g**2 + 6*g + 10. Let b(m) = 45*m**2 + 5*m + 11. Let p(q) = -4*b(q) + 5*h(q). What are the prime factors of p(-3)?
2, 3, 7
Let l(j) = 0*j + 4*j + 9 + 3 - 3*j. Let q be l(-6). Suppose -7*a + 4*a = -q. List the prime factors of a.
2
Let i be 4 + (-1)/(-3)*123. Suppose -3*x + 0*x + i = 0. List the prime factors of x.
3, 5
Suppose 3*f - 212 = -5. Suppose 138 = 2*p - 0*o + 2*o, -5*o = -p + f. Suppose 0 = -4*l + l + p. List the prime factors of l.
23
Suppose 0 = -8*f - 9*f - 2533. Let w = f + 379. What are the prime factors of w?
2, 5, 23
Suppose -5*d + 5549 = -4*j - 0*j, j - d = -1388. Let k = j - -495. What are the prime factors of (-2)/(-5) + k/(-35)?
2, 13
Suppose 5*k - 3697 - 3919 = -2*o, 4*k = -o + 6091. What are the prime factors of k?
2, 761
Let z = 537 + -257. Suppose 2*m = -2*m + z. Suppose 4*t + 10*b - m = 5*b, -2*b = t - 16. What